**3 - 6*n**2 + 3 + 2*n**2 - n - n. Calculate k(z).
6
Let n be (-34)/8 - 2/(-8). Let z(y) be the second derivative of -1/12*y**4 - 5/6*y**3 - 2*y**2 + 0 - 2*y. What is z(n)?
0
Let v(s) = -88 + 3*s - 2*s + 85. Suppose -8 = 4*a - 3*g - 34, 2*a - 5*g - 20 = 0. Give v(a).
2
Suppose 0 = -c + 1 + 2. Let m be (16/40)/(1/5). Let n(q) = 0*q**c + q**2 + 5 - q**3 - m - 2*q. Determine n(2).
-5
Let b(d) = 7*d**3 + 12*d**2 + 10*d + 11. Let k(p) = 20*p**3 + 35*p**2 + 29*p + 32. Let n(s) = -17*b(s) + 6*k(s). Let j be -2 - (-2 - -6) - -1. Determine n(j).
10
Let w(o) be the third derivative of 0 + 0*o**3 + o**2 + 0*o**4 + 0*o + 1/60*o**5. Let d be 0/((-3)/3) - -2. What is w(d)?
4
Let r = -50 - -36. Let f = r - -13. Let q(k) be the first derivative of 3*k**2/2 + k - 1. What is q(f)?
-2
Let l(p) = p**2 - 9*p + 4 - p + 5*p + 1. Let k be 0 + 5 + 0/(-2). Suppose -k*r + 26 - 5 = i, -3*r + 15 = 3*i. What is l(r)?
1
Let v(l) = -l**3 + 4*l**2 - l + 1. Suppose 0 = 2*n - 4*n - 2, -4*n = 4*t. Let p = -2 - -9. Suppose -2*b + p = -t. Give v(b).
-3
Let j(b) = -3*b - 12. Let q(p) = -p. Let z(g) = j(g) - 6*q(g). Let o(t) = -3*t + 13. Let h(a) = 6*o(a) + 7*z(a). Let x = 15 - 11. Give h(x).
6
Let u(h) = h**3 - h**2 - 11 - 56*h + 56*h. Let s(n) = -n**2 + 2*n + 3. Let c be s(3). Calculate u(c).
-11
Let a(d) = d**3 - 8*d**2 + 8*d - 8. Suppose y = 5 + 2. Give a(y).
-1
Let t = 14 - 9. Let j be (t - 6)/(1/(-3)). Suppose -j*i - i = 0. Let c(z) = z**3 + 5. Calculate c(i).
5
Let v(j) = -3*j**2 - 17*j - 7. Let x be v(-5). Let r(a) be the third derivative of -2*a**2 + 0 + 0*a + 1/24*a**4 - 1/3*a**x. Determine r(0).
-2
Let m(f) be the second derivative of -f**3/6 - 7*f**2/2 + 6*f. Give m(0).
-7
Let i(h) = 3 + 2 + 2*h - 4 - 10*h**2 + 0. What is i(-1)?
-11
Let n(m) be the first derivative of 2*m**3/3 + 2*m**2 - 3*m + 14. Give n(-4).
13
Suppose -2*t - 6*u = -3*u, 2*t - 2*u - 10 = 0. Let c(w) = -9*w**2 - 4*w**3 + 2*w + 0*w + 3*w**t + 9 + 3*w**2. What is c(-6)?
-3
Let x(p) = -p**3 - 3*p**2 + 5*p - 3. Let m be (6/10 - -3)/((-12)/(-40)). Let o(y) = -y**3 + y. Let h be o(1). Suppose h*q + 3*q = -m. What is x(q)?
-7
Let h(i) be the second derivative of -i**5/4 + i**3/6 + i**2 - 7*i. Let y(g) = -g**2 - 1. Let p(d) = -h(d) - 2*y(d). Give p(1).
6
Let q(b) be the first derivative of -b**7/105 - b**6/180 - b**5/60 - b**4/24 + 2*b**3/3 - 2. Let h(p) be the third derivative of q(p). Determine h(-1).
7
Let a(o) be the third derivative of o**6/120 - o**5/20 - 7*o**4/24 + o**3 + 4*o**2 - 9*o. Let j = -6 + 10. Determine a(j).
-6
Let t(p) = -p**3 + 6*p**2 + 9*p + 6. Let v(o) = -3*o**2 - 4*o - 3. Let d(s) = -2*t(s) - 5*v(s). Suppose 2*m - 9 = 2*q + 5, 2*q - 5*m = -29. Determine d(q).
-5
Let g(m) = m**2 - 6*m - 2. Let u be g(0). Let n(h) = -h - 3 - 3*h + 0. What is n(u)?
5
Let z be 2*1*(-5)/(-2). Suppose 2*i - 7*i - z = 0. Let t(j) = 10*j**2 + j. Calculate t(i).
9
Let w(s) be the third derivative of -s**4/24 - s**3/2 + 13*s**2. Calculate w(3).
-6
Let q(y) be the second derivative of 2/3*y**3 - 1/12*y**4 - 3*y - 5/2*y**2 + 0. Give q(4).
-5
Let i(s) = -s**3 - 7*s**2 - s + 1. Let c(f) = 3*f**3 + 21*f**2 + 2*f - 2. Let b(z) = -2*c(z) - 7*i(z). Calculate b(-6).
15
Let a = -17 - -12. Let w(u) = 4*u - 1 - 2*u**2 - 2*u**2 - u**3 - 4. What is w(a)?
0
Let u = -61 - -60. Suppose 4*k + 2 - 6 = 0. Let x = u - k. Let o(g) = g - 2. Determine o(x).
-4
Let o(r) = 2*r**2 - r**2 + 3*r**2 - 6 - 5*r**2. Let w be ((-3)/(-2))/((-6)/(-8)). Let s = w + -2. What is o(s)?
-6
Let f(v) be the first derivative of v**4/4 - 2*v**2 + 3*v - 1. Determine f(3).
18
Let z(m) = 4*m - 2. Suppose 0*j - 9 = -5*w - j, 3*w - 8 = 2*j. Let u be (1 - 0)/(w/4). Determine z(u).
6
Let j(a) = -a - 16. Let o be -10 + 0 + (-3 - -4). Determine j(o).
-7
Let o(g) be the second derivative of -g**5/20 + 5*g**4/12 - g**2/2 + g. Let n be 1/1 - (1 - 0). Suppose -4*j - 4*f = n, f + 3*f + 30 = 2*j. Give o(j).
-1
Suppose 2*v + 40 = -2*h, -h - 6*v - 29 = -2*v. Let b = h - -28. Suppose -1 - b = -3*p. Let k(z) = z**3 - 3*z**2 - 4*z + 2. Calculate k(p).
2
Suppose -2*s + 16 = 2*s. Let k(n) = -6 + 3 - s*n + 0. Determine k(-2).
5
Let b(h) = -2*h - 2. Suppose 4*a - 5*r = 17, 0 = -2*a - 0*a - 5*r + 1. Let s = -32 - -37. Let j(y) = y + 1. Let q(v) = a*b(v) + s*j(v). Give q(-3).
2
Let d(n) = -n**3 - n**2 - 1. Let v(f) = 2*f**3 + 9*f**2 - 7*f + 10. Let o(w) = 3*d(w) + v(w). Calculate o(5).
-3
Let u = -37 + 38. Let i(s) be the second derivative of -s**4/4 + s**3/6 - 2*s. Calculate i(u).
-2
Let n(m) = -2*m + 6. Let l be n(6). Let h(j) = 7*j**2 - 3*j - 4. Let b(c) = c - 5. Let p be b(4). Let a(z) = -z**2. Let g(s) = l*a(s) + p*h(s). What is g(4)?
0
Let v(a) = a**2 + 6*a - 9. Let c be (-42)/(-9)*(-21)/14. Calculate v(c).
-2
Suppose -14 = -2*f - 2*p, -1 = 4*f - 5*f + 2*p. Let q(n) = -n**3 + 7 - 2 - n - n + 0*n**2 + 5*n**2. Give q(f).
-5
Let b(p) = -p**2 - 4*p + 2. Let v(c) = c**2 + 3*c - 2. Let y(s) = -2*b(s) - 3*v(s). Give y(-4).
-10
Let p be 6/(-4)*(-4)/6. Let g be (-6)/p*(-3)/(-6). Let h(q) = -11*q - 8. Let w(a) = -6*a - 4. Let c(n) = 4*h(n) - 7*w(n). Determine c(g).
2
Let q be (0 + 1)/((-16)/48). Let u(c) = c**2 + 5*c + 9. Let d be u(q). Let v(w) = -3*w + 3. Give v(d).
-6
Let g(u) be the third derivative of -u**5/60 - u**4/24 - u**3/3 + 10*u**2. Determine g(-2).
-4
Let k(l) = -l**3 + 6*l**2 - 7*l + 2. Suppose 2*h - 4*s = 5*h - 50, 4*h + 5*s = 65. Suppose -x - 4*r = x - 30, -x - h = -3*r. Determine k(x).
-8
Let n(z) = -z**2 + 3. Let b be -1 + 3*-1 - -1. Let r(a) = -5 - 2*a + 0*a - 2 + 4. Let u be r(b). Determine n(u).
-6
Let o(f) = 0*f**2 - 2*f**3 - 1 + f**3 + f - 3*f**2. Let q = -57 - -55. Calculate o(q).
-7
Suppose 0 = -5*n + 6*n - 4. Suppose -2*j + l + l = -10, -8 = -n*l. Suppose 3*h = j*h + 8. Let p(q) = q**2 + q - 2. What is p(h)?
0
Let t(n) = -4 - n + 4 - 2*n**2. Determine t(1).
-3
Let x = 45 - 40. Let v(l) be the second derivative of 2*l - 1/10*l**x + 0*l**2 - 1/6*l**4 - 1/6*l**3 + 0. Determine v(-1).
1
Let g be 2/(-3)*(-27)/6. Let u(w) = -5*w**3 + 5*w**3 - w**3 - 5*w**2 - g*w. Determine u(-2).
-6
Let i be (-1 - -4)*(-8)/(-6). Suppose l = -2*k + 4, -3*l = -i*k - 7*l + 4. Let j(d) = 4*d**3 - 5*d**3 + d + 0*d**k - 1. Give j(1).
-1
Let s(f) = f**3 + 4*f**2 + 4*f + 4. Let a be ((-3 + 9)/(-2))/1. Determine s(a).
1
Let p(i) = 7*i - 3. Let n(a) = 8*a - 4. Let h(z) = 4*n(z) - 5*p(z). Suppose -2*c = -2*g - 2 - 8, 3*c = 4*g + 19. Determine h(g).
11
Let d = -5 + 3. Let l(q) = 96 + 96 - 2*q - 293 + 102 - 2*q**2. Calculate l(d).
-3
Let q(b) = -b**2 + 3*b + 6. Let o be ((-6)/(-5))/((-1)/5). Let c be ((-18)/(-15))/(o/(-15)). Suppose 0 = -2*r + 3*w + 7, 8 = c*r + w - 8. What is q(r)?
-4
Suppose -s - 2*s = -s. Let b(c) = -c - 8. Determine b(s).
-8
Let g be 6 + 2/(((-10)/3)/5). Let p(c) be the first derivative of 1/4*c**4 - 4/3*c**3 + g + c**2 + 2*c. What is p(3)?
-1
Let g(j) = -11*j**3 + 15*j**2 - 7*j - 3. Let q(l) = 5*l**3 - 7*l**2 + 3*l + 1. Let b(u) = 4*g(u) + 9*q(u). What is b(3)?
-6
Let o(l) = -l - 1. Let k = -15 + 15. Suppose 5*m + n + 24 = 0, 2*n = -2*m + n - 9. Let x = k + m. Determine o(x).
4
Let h(q) = -q**3 + 7*q**2 + 8*q + 2. Let v be h(8). Let o(w) = -w**2 + w + w - w - v*w. Calculate o(-3).
-6
Let h(s) = -2*s**3 + s**2 - s - 3*s**2 + 4*s**3. Determine h(-1).
-3
Let d(k) = -3*k**3 - k**2 + k - 4. Let t(v) = 10*v**3 + 3*v**2 - 3*v + 12. Let y(w) = -7*d(w) - 2*t(w). Calculate y(0).
4
Let t(m) = -10*m + 9*m + 3*m**2 - m**2 - 2*m**3. What is t(2)?
-10
Let y(u) = 4*u - 4. Let a = 74 - 70. Determine y(a).
12
Let s(j) = j + 2. Suppose 11*q = 16*q - 10. Calculate s(q).
4
Let l(v) = -4 + 0 - 6*v - v**2 - 1. Let w(t) = t - 6. Let f be w(5). Let k(r) = -5*r**2 + r + 1. Let x be k(f). Calculate l(x).
0
Let u = 1 - 1. Let j be 9 + (u - (-2 - -2)). Suppose -5*z = 3*p + 21, -j*p + 4*p = -4*z - 2. Let n(o) = o**2 + 4*o + 3. Determine n(p).
-1
Let y(s) = -s**2 + 3*s + 6. Suppose -2*p - 4*j + 30 + 0 = 0, -4*p + 4*j = -60. Suppose -3*b + 0*b + p = 0. Give y(b).
-4
Let q(t) = -10*t**2 - 2*t + 13. Let o(l) = 11*l**2 + 2*l - 15. Let k(p) = 6*o(p) + 7*q(p). Let w = -1 + -1. Give k(w).
-11
Let j(t) = t - t**3 + 2 + 5*t**2 - 11*t + 5*t. What is j(4)?
-2
Let i(p) = p**2 + 1. Let r(l) = -l - 1. Let b(u) = u**3 - 4*u**2 + 4*u - 1. Let j be b(3). Let a(k) = j*r(k) + i(k). Let d = -9 + 11. Determine a(d).
-1
Let 